
Let b = -4 + 8. Is 3/b + (-2962)/(-8) a prime number?
False
Let v(k) = 10*k**2. Let u be v(1). Let y be 8/2*(-5)/u. Is (-1 - y)*(11 - 0) composite?
False
Let k(a) = -15*a**2 + 5*a - 2. Let y(q) be the third derivative of -q**5/60 - 3*q**2. Let n(z) = -k(z) + 5*y(z). Is n(3) a prime number?
False
Let j be ((-482)/(-3))/(2/3). Suppose 3*t = 3, f + 2*f + 4*t = j. Is f prime?
True
Suppose -2*y = 4*m - 9454, 3*y + 5818 = -5*m + 17637. Is m composite?
True
Let y = 3042 + -1780. Is y a prime number?
False
Let f be -5*(1 + (-1 - 5)). Suppose 4*r = -f + 9. Is (-10)/r*(1 - -13) composite?
True
Suppose 99 = -4*a - 4*j - 85, 0 = -3*a - 2*j - 142. Let r = a - -165. Is r prime?
False
Let x(q) = 294*q**2 - 1. Is x(1) a prime number?
True
Let a be (-4)/6 - 40/(-15). Suppose -5*k - 3*z + 363 = -a*k, 2*k - 3*z - 242 = 0. Is k composite?
True
Suppose 5*w - 1695 = 2*b, 5*w + 5*b = 269 + 1391. Is w a prime number?
True
Suppose 0 = -5*z - 9 + 24. Is (-2)/(z - 3039/1011) a composite number?
False
Let f(o) = 9*o + 2. Let m be f(-12). Let d = m - -195. Is d a prime number?
True
Let q = 7112 - 4591. Is q composite?
False
Suppose 5*v = 5*y + 15, 2*v = -2*v + 5*y + 12. Suppose 5*p - 2 - 3 = 0, -3*p + v = 3*q. Suppose q = 2*x - 4*b - 0*b - 54, 0 = 4*x - 4*b - 92. Is x composite?
False
Suppose 5*f = -233 + 853. Suppose 2*y + 3 = 3*a, -5*a + 0 = -5. Suppose y = 8*d - 4*d - f. Is d a composite number?
False
Suppose 0 = -4*f + l - 824 + 2992, -5*l = 4*f - 2144. Is f prime?
True
Let a(w) = -w**3 + w + 635. Is a(0) a composite number?
True
Suppose 0 = a - 0*a - 5*n - 83, 5*n = -3*a + 169. Suppose 13 = -2*w + a. Is w a prime number?
False
Suppose 19 = 5*s - 36. Is s a composite number?
False
Suppose -5*q = -11*q + 5322. Is q prime?
True
Is (1893/12)/((-9)/(-36)) composite?
False
Let c(f) be the first derivative of -f**4/4 + f**3 - 4*f**2 + 4*f - 2. Let s be c(5). Let h = -3 - s. Is h prime?
True
Suppose 151 + 147 = 2*h. Is h a prime number?
True
Let j(v) = 30*v**2 - 20*v - 7. Is j(-6) a prime number?
True
Let u = -110 - -165. Is u a composite number?
True
Suppose -2*n + 28 = -6*n. Let k(v) be the second derivative of v**4/6 + 7*v**3/6 + 2*v**2 - 5*v. Is k(n) composite?
False
Let k = 733 - 407. Is k a prime number?
False
Let a(p) = 3*p**2 - 4*p - 57. Is a(-14) a composite number?
False
Let j(h) = -h**3 - 2 + 3*h**2 + 2*h**3 + 2*h**2 + h. Let g be 15/(-4) + (-2)/8. Is j(g) a prime number?
False
Is (-2)/(-9) + (-29742)/(-54) a composite number?
True
Let w(d) = 9*d**2 + 35*d + 17. Let h(p) = -4*p**2 - 17*p - 9. Let t(x) = -5*h(x) - 2*w(x). Is t(12) a composite number?
False
Suppose 3*n + 0 = 36. Suppose -5*p = 5*i - 2*i - 20, -3*p - 4*i = -n. Suppose -3*d = -r + 13, 0 = r + p*r - 2*d - 52. Is r a prime number?
False
Let m(q) = 1. Let h(t) = 4*t**3 + 2*t**2 - 3*t + 7. Let j(x) = h(x) - 4*m(x). Is j(2) composite?
False
Let p = -23 + 42. Is p composite?
False
Let j(b) = 20*b + 3. Let i = -6 - -13. Is j(i) a composite number?
True
Let v(n) = n**3 - 12*n**2 - 4*n - 4. Let u be v(7). Let i = 185 + u. Let z = i - -157. Is z prime?
False
Suppose -z + 6 = z. Suppose z*u = 4*u - 14. Is u composite?
True
Suppose -6*b - 4292 = -24914. Is b composite?
True
Let z(p) = 97*p**3 + 2*p**2 + p. Let f be z(-1). Let u be (-2)/3*(f + -3). Suppose -t + 1 = -u. Is t a prime number?
True
Suppose -6 + 2 = l. Let d(n) = -20*n + 9. Is d(l) prime?
True
Let z(y) = -2*y + 8. Let f be z(8). Is (-275)/(-4) + (-2)/f prime?
False
Let w(q) = q**2 - 14*q + 8. Let k be w(6). Let r = k + 105. Suppose 5*c + 3*b = -0*c + r, -4*b = -c + 13. Is c a prime number?
True
Let f = -256 + 587. Is f a composite number?
False
Suppose 2*c - 4*t = 1630, -2*t - 3252 = -4*c + 2*t. Is c prime?
True
Let v(p) = -7*p + 4. Let s be v(-6). Suppose s = -3*g + 2*g. Let i = 93 + g. Is i a prime number?
True
Suppose 32 = -5*z + h, -3*z - 5*h - 14 = z. Is ((-22)/z)/((-5)/(-435)) a composite number?
True
Let o = -5 - -10. Suppose -62 = -5*j + 2*p, o*p + 8 = 3*j - 14. Is j composite?
True
Suppose -4*c + c = 0. Suppose 2*q - 5*x - 213 = c, -3*q = -2*q - x - 111. Is (2/(-6))/((-2)/q) a prime number?
True
Suppose -2*t = 2*t - 2*q - 20, 3*q = -4*t + 40. Suppose -13 = -2*d + t. Is d composite?
True
Let d(a) = 2*a + 3. Let t be d(1). Suppose -3*c - 3*z + 5*z + 951 = 0, 0 = -t*z. Is c a composite number?
False
Suppose -6*b + b + 3140 = 0. Suppose -t + b = 3*t. Is t a composite number?
False
Let r = 918 - 131. Is r composite?
False
Let m be 5 + (-1 - 0) + 1. Suppose m*t - 17 = 18. Is t a composite number?
False
Suppose 8*n - 1606 = 6*n. Is n a prime number?
False
Suppose -8 = -4*x - 0. Let v be (-4)/10 - 85/(-25). Is 32/6 + x/v prime?
False
Suppose 0*l + 4*r - 1435 = -5*l, -2*l = r - 574. Is l prime?
False
Suppose 0 = 6*g - 8*g + 610. Is g composite?
True
Suppose -5*r = b - 260, 5 + 47 = r + 2*b. Suppose -4*j = -0*j - r. Is j a prime number?
True
Let f = -295 - -2646. Let g = -1308 + f. Is g a composite number?
True
Let l = 3 - 5. Let y(k) = -6*k**3 + 2*k**2 - k + 1. Is y(l) a composite number?
False
Suppose -12*q + 1567 = -11*q. Is q composite?
False
Let p(w) be the second derivative of 23*w**3/6 - 3*w**2 + 8*w. Let y = -8 + 16. Is p(y) a composite number?
True
Let l be 73/(-1*2/(-4)). Suppose -59 = -o + l. Is o prime?
False
Let z = 4 - 2. Let q(g) = g**2. Let s be q(2). Suppose -s*l - 34 = -2*n, z*n = -3*l + 21 + 20. Is n a composite number?
False
Let q(u) be the third derivative of u**5/12 + u**4/6 + 7*u**3/6 + u**2. Is q(6) prime?
True
Let y = -13076 + 18687. Is y composite?
True
Suppose -5 = -5*j + 5. Is (j + -4 - -1)*-143 a prime number?
False
Let o be 4/6 - (-8)/(-12). Suppose 483 = 3*n - u, 0 = u - o*u. Is n a prime number?
False
Is (12/(-4) - -510)*1/3 composite?
True
Let o(d) = 7*d**2 - 3*d + 4. Let x(h) = -h**2 - 1. Let s(u) = o(u) + 5*x(u). Let q = 16 - 12. Is s(q) prime?
True
Suppose 2*g + 4 = 2*s + 98, 4*g = -3*s + 181. Let t = -32 + g. Is t prime?
False
Let a(w) = -211*w - 5. Is a(-4) composite?
False
Let c be ((-6)/(-2))/3 - -1. Suppose 3*o - 4*n = o + 14, 4*o - 58 = -c*n. Is o a composite number?
False
Let s be ((-1)/(-3))/(2/6). Let v be (-4 - -6)/(4/(-2)). Is -1 + v + s*117 a prime number?
False
Suppose 0*m = -5*m - 30. Let s be 0/1 - m/2. Suppose -s*r + 260 = -745. Is r a composite number?
True
Suppose 2*k = 7*k + 10. Suppose 0 = -3*i + 4*r - 131, 10 = 4*r - 10. Is k/2 - (i - 1) a prime number?
True
Is ((-2015)/10 - 5)/((-1)/2) prime?
False
Let x(h) = -h**3 + 3*h**2 + 4*h. Let l be x(4). Suppose -139 = -5*b - 2*m + 126, 3*m = l. Is b a prime number?
True
Suppose -3*m + 639 = -7950. Is m composite?
True
Let h = 51 - 24. Let v = h + 84. Is v a composite number?
True
Suppose -4*t = k - 4, -5*t - 12 = -3*k - t. Suppose k*d + 4 = 12. Suppose 6*y - 2*y = -d*n + 30, -n = y - 19. Is n a prime number?
True
Let o(t) = 20*t**2 + 5*t - 4. Suppose -5*d = -2*u + 21, 0 = 4*u - d + 5*d. Is o(u) a composite number?
False
Let k(c) = -2*c**3 + 3*c**2 + 3*c. Let m be k(3). Suppose 2*q - 6 = 0, 3*q = -r + 40 - 12. Let o = r - m. Is o prime?
True
Suppose 53 = 2*h - 3*i, -3*i + 76 = 2*h - 7. Suppose 2*v - h - 4 = 0. Is v a composite number?
False
Let h = -1409 + 2510. Is h composite?
True
Suppose 2*c - 20149 = -p, 0 = -4*c - 3*p + 52169 - 11868. Is c a composite number?
True
Suppose h + 0 + 28 = 0. Let u = -132 + 207. Let w = h + u. Is w a composite number?
False
Suppose 0 = -y + 5, -7*y - 196 = -2*x - 5*y. Is x prime?
True
Let a = -121 + 4. Let m = a - -175. Is m a prime number?
False
Suppose -3*q + 3559 = 4*a, 3*q = -0*q + 3*a + 3594. Is q a composite number?
False
Let p = 427 + 60. Let x = p - 114. Is x prime?
True
Suppose 2*z = -3*l + 322, -4*z + 5*l + 534 + 88 = 0. Suppose 0 = 5*i + y - z, 3*i - y - 96 = -2*y. Is i prime?
True
Suppose 2*l - 178 - 496 = 0. Suppose 5*r - 2*x - 349 = -x, -2*x + l = 5*r. Is r prime?
False
Suppose u + 7971 = 4*u. Is u composite?
False
Let f(h) = -20*h**3 - h**2 - h. Let r be f(-1). Suppose 82 = 3*m - r. Let a = 56 - m. Is a composite?
True
Is 2/7 + (-2 - 5661/(-7)) a prime number?
False
Let h(v) = -v**2 + 5*v - 1. Let r = -2 + 6. Let p be h(r). Suppose -3*w - 134 = -b, -4*w - 725 = p*b - 8*b. Is b a prime number?
True
Let h be (0 - -5)*52/5. Let l = -12 + 17. Suppose k + h = l*k. Is k a prime number?
True
Let y = 3449 - 1